0
What is 38 (base 11) in base 12?
35
What is 14 (base 7) in base 10?
11
106 (base 10) to base 7
211
What is 122 (base 5) in base 11?
34
Convert 68 (base 9) to base 5.
222
What is -6 (base 12) in base 3?
-20
What is -158 (base 12) in base 16?
-d4
Convert 12 (base 14) to base 10.
16
125 (base 13) to base 9
242
-3 (base 7) to base 10
-3
Convert 1120 (base 4) to base 10.
88
What is -300 (base 4) in base 12?
-40
Convert 8 (base 14) to base 7.
11
What is 1010 (base 2) in base 15?
a
What is -101100000 (base 2) in base 10?
-352
What is 7 (base 10) in base 6?
11
What is 3 (base 14) in base 13?
3
2 (base 6) to base 11
2
-3 (base 16) to base 3
-10
Convert 2 (base 16) to base 3.
2
5 (base 14) to base 3
12
What is 4 (base 10) in base 16?
4
1323 (base 6) to base 9
416
2 (base 13) to base 16
2
-3 (base 10) to base 5
-3
What is -9 (base 16) in base 2?
-1001
What is 5b (base 12) in base 5?
241
-2e (base 15) to base 12
-38
-2 (base 4) to base 11
-2
Convert 0 (base 15) to base 5.
0
Convert 100100 (base 2) to base 4.
210
Convert 2 (base 16) to base 8.
2
What is 52 (base 9) in base 5?
142
414 (base 7) to base 10
207
Convert 2120 (base 3) to base 5.
234
Convert 12 (base 3) to base 7.
5
What is -6 (base 8) in base 5?
-11
What is -11210 (base 3) in base 6?
-333
-333 (base 5) to base 8
-135
-11e (base 15) to base 2
-11111110
What is -1120 (base 4) in base 14?
-64
What is 1 (base 8) in base 3?
1
3 (base 9) to base 3
10
1 (base 3) to base 5
1
Convert 4 (base 6) to base 11.
4
2 (base 8) to base 13
2
Convert -85 (base 11) to base 4.
-1131
Convert -1 (base 12) to base 13.
-1
What is -336 (base 7) in base 10?
-174
What is -4 (base 14) in base 3?
-11
-9 (base 13) to base 11
-9
What is 1011 (base 2) in base 9?
12
What is 38 (base 13) in base 4?
233
-7 (base 11) to base 12
-7
What is -3 (base 4) in base 16?
-3
Convert 24 (base 8) to base 3.
202
-112 (base 7) to base 5
-213
-122 (base 4) to base 15
-1b
2 (base 3) to base 13
2
Convert -96 (base 14) to base 9.
-156
-33 (base 16) to base 7
-102
What is 532 (base 6) in base 16?
c8
-22 (base 4) to base 3
-101
Convert 4 (base 6) to base 3.
11
30 (base 14) to base 5
132
Convert 300 (base 8) to base 3.
21010
What is 8 (base 15) in base 2?
1000
What is 0 (base 3) in base 15?
0
Convert -4 (base 10) to base 2.
-100
Convert -6 (base 13) to base 6.
-10
-10 (base 12) to base 6
-20
Convert 1 (base 6) to base 13.
1
Convert 5c (base 15) to base 3.
10020
9 (base 14) to base 3
100
What is -80 (base 9) in base 5?
-242
What is 15 (base 7) in base 10?
12
Convert 1 (base 8) to base 15.
1
What is -227 (base 8) in base 5?
-1101
Convert 0 (base 10) to base 6.
0
What is 6a (base 11) in base 14?
56
-10 (base 11) to base 7
-14
-1 (base 3) to base 2
-1
Convert -2 (base 16) to base 5.
-2
-4 (base 9) to base 16
-4
-127 (base 14) to base 3
-22120
What is 261 (base 7) in base 10?
141
Convert 38 (base 12) to base 5.
134
What is 17 (base 12) in base 6?
31
1 (base 14) to base 13
1
Convert -10011000 (base 2) to base 4.
-2120
What is 11 (base 2) in base 9?
3
Convert 15 (base 10) to base 15.
10
Convert -1 (base 13) to base 4.
-1
What is 1 (base 6) in base 7?
1
Convert -11 (base 4) to base 5.
-10
Convert 9a (base 12) to base 10.
118
Convert -71 (base 9) to base 7.
-121
Convert 42 (base 6) to base 2.
11010
What is -2 (base 5) in base 11?
-2
Convert -110 (base 4) to base 10.
-20
Convert 3 (base 9) to base 12.
3
3 (base 5) to base 10
3
What is -46 (base 12) in base 9?
-60
Convert -1 (base 14) to base 6.
-1
What is -100000 (base 2) in base 13?
-26
222 (base 7) to base 10
114
0 (base 8) to base 11
0
What is -8 (base 15) in base 8?
-10
What is 32 (base 16) in base 5?
200
Convert -7 (base 12) to base 9.
-7
Convert 11 (base 13) to base 9.
15
Convert -56 (base 11) to base 6.
-141
-3 (base 8) to base 2
-11
Convert 4 (base 12) to base 4.
10
What is -86 (base 10) in base 4?
-1112
2 (base 7) to base 9
2
What is -4 (base 14) in base 12?
-4
What is -1000111 (base 2) in base 12?
-5b
What is -1 (base 8) in base 16?
-1
Convert -12 (base 6) to base 16.
-8
Convert 1 (base 13) to base 9.
1
Convert c (base 13) to base 15.
c
What is -12 (base 5) in base 4?
-13
What is 227 (base 8) in base 7?
304
4 (base 11) to base 3
11
What is -3 (base 16) in base 13?
-3
-10 (base 6) to base 2
-110
Convert -24 (base 16) to base 5.
-121
What is -14 (base 12) in base 13?
-13
What is -10 (base 4) in base 9?
-4
-30 (base 5) to base 7
-21
Convert 1100 (base 2) to base 10.
12
Convert -3 (base 4) to base 7.
-3
Convert 0 (base 8) to base 11.
0
What is 4 (base 8) in base 2?
100
46 (base 12) to base 4
312
0 (base 7) to base 15
0
Convert 0 (base 11) to base 4.
0
Convert 5 (base 14) to base 7.
5
4 (base 13) to base 4
10
What is 12 (base 14) in base 11?
15
Convert -c (base 14) to base 5.
-22
10 (base 4) to base 15
4
11 (base 5) to base 4
12
Convert 17 (base 12) to base 15.
14
What is -2 (base 9) in base 11?
-2
What is 15 (base 6) in base 10?
11
What is 155 (base 16) in base 6?
1325
What is 115 (base 6) in base 7?
65
What is 161 (base 8) in base 9?
135
Convert -10 (base 5) to base 16.
-5
What is 12 (base 10) in base 6?
20
Convert 7 (base 16) to base 15.
7
What is -113 (base 8) in base 9?
-83
What is 111 (base 5) in base 4?
133
79 (base 14) to base 3
10222
What is -117 (base 8) in base 12?
-67
Convert 2 (base 5) to base 2.
10
-66 (base 7) to base 6
-120
-11 (base 12) to base 4
-31
What is 1 (base 11) in base 14?
1
What is -4 (base 14) in base 3?
-11
Convert 3 (base 14) to base 11.
3
Convert -1 (base 4) to base 12.
-1
What is -8 (base 11) in base 7?
-11
-10 (base 2) to base 16
-2
-2 (base 9) to base 15
-2
What is 3 (base 11) in base 2?
11
Convert -3 (base 6) to base 8.
-3
Convert -4 (base 9) to base 5.
-4
54 (base 7) to base 2
100111
What is 1001 (base 5) in base 10?
126
What is -10 (base 9) in base 6?
-13
Convert b (base 12) to base 10.
11
What is -281 (base 11) in base 6?
-1311
Convert -1030 (base 6) to base 11.
-1a3
What is -11 (base 2) in base 14?
-3
14 (base 7) to base 12
b
Convert 221 (base 3) to base 11.
23
What is -44 (base 11) in base 2?
-110000
Convert 100200 (base 3) to base 5.
2021
0 (base 16) to base 10
0
What is -10 (base 2) in base 5?
-2
What is -2 (base 8) in base 3?
-2
Convert -103 (base 6) to base 7.
-54
Convert -2 (base 3) to base 10.
-2
1 (base 7) to base 15
1
3 (base 12) to base 16
3
Convert -152 (base 9) to base 14.
-92
Convert -13 (base 14) to base 10.
-17
37 (base 13) to base 9
51
16 (base 8) to base 14
10
Convert 31 (base 4) to base 9.
14
Convert 52 (base 13) to base 14.
4b
2013 (base 5) to base 6
1110
What is -3 (base 4) in base 3?
-10
What is -313 (base 5) in base 11?
-76
Convert -5 (base 10) to base 9.
-5
-1 (base 13) to base 11
-1
5 (base 7) to base 3
12
-4 (base 16) to base 9
-4
100 (base 2) to base 16
4
Convert -10220 (base 3) to base 4.
-1221
22 (base 3) to base 12
8
What is -184 (base 9) in base 8?
-235
78 (base 9) to base 13
56
What is -55 (base 12) in base 4?
-1001
Convert -3 (base 10) to base 9.
-3
What is 8 (base 10) in base 6?
12
Convert 65 (base 11) to base 12.
5b
Convert -43 (base 5) to base 13.
-1a
Convert -20 (base 4) to base 11.
-8
-1 (base 12) to base 16
-1
Convert -6 (base 9) to base 14.
-6
0 (base 2) to base 14
0
What is 14 (base 5) in base 4?
21
3 (base 15) to base 11
3
What is -300 (base 7) in base 14?
-a7
What is 1 (base 13) in base 5?
1
Convert 1011 (base 3) to base 9.
34
-103 (base 9) to base 10
-84
What is 37 (base 10) in base 7?
52
212 (base 6) to base 8
120
What is 108 (base 16) in base 6?
1120
What is 20 (base 13) in base 8?
32
-100 (base 9) to base 3
-10000
3 (base 11) to base 12
3
-2 (base 10) to base 12
-2
Convert 2 (base 15) to base 13.
2
-28 (base 16) to base 7
-55
What is 2 (base 11) in base 6?
2
What is -12 (base 10) in base 9?
-13
Convert -4 (base 11) to base 4.
-10
Convert 114 (base 5) to base 16.
22
What is 330 (base 8) in base 16?
d8
-2 (base 7) to base 10
-2
Convert 5 (base 16) to base 11.
5
Convert -9 (base 12) to base 6.
-13
-1b8 (base 13) to base 3
-102212
What is 100 (base 2) in base 7?
4
5 (base 9) to base 12
5
What is -11001101 (base 2) in base 13?
-12a
What is e (base 16) in base 8?
16
Convert -12 (base 6) to base 10.
-8
Convert 11 (base 3) to base 2.
100
1303 (base 6) to base 11
278
What is -4a (base 16) in base 6?
-202
What is 34 (base 15) i